factors of (-357)/(-42)*((-14)/21 - 27852/(-9)).
7, 13, 17
Suppose -176 = -b + 4*w, 5*b = 4*b + 2*w + 176. Suppose -l - 85 = -c, -15*l + 14*l = 2*c - b. What are the prime factors of c?
3, 29
Let w be (32 + 1)/((-9)/(-6)). Suppose -1224 = -w*i + 18*i. List the prime factors of i.
2, 3, 17
Suppose -3*s = -0*s. Suppose -80*v + 22 = -79*v. Suppose -4*r + 90 + v = s. What are the prime factors of r?
2, 7
Suppose -6*z - 80*z = -669596. What are the prime factors of z?
2, 17, 229
Let r(m) be the second derivative of 3*m**4/4 + 7*m**3/6 + 5*m**2/2 - 19*m. Let d be r(-3). Let z = 130 - d. List the prime factors of z.
5, 13
Let o be (0/4)/(2 - 4). Suppose o*y - 30 = -6*y. Suppose -4*n - 3*x + 615 = 0, -y*n - 2*x = -n - 610. What are the prime factors of n?
2, 3, 5
Suppose 70*g = -34*g + 1691481 + 24623. What are the prime factors of g?
29, 569
Let g(v) be the first derivative of -9*v**4/4 - v**3 - 3*v**2 - 4*v - 127. List the prime factors of g(-1).
2
Suppose 0 = -48*h + 52*h - 392. Let b = h - -123. Let n = -67 + b. List the prime factors of n.
2, 7, 11
Suppose -3*b + 432 - 9 = 0. Let g be ((-40 - -21) + 15)*(2 - 5/4). Let i = b + g. List the prime factors of i.
2, 3, 23
Suppose s = -2, -2*s = -851*n + 856*n - 94006. What are the prime factors of n?
2, 7, 17, 79
Suppose 4*p - 5*f - 59534 = 0, 2*p - 19243 - 10497 = -2*f. List the prime factors of p.
2, 3719
Let a(z) = -z - 2. Suppose -5*h = -h - 8. Let f be a(h). Let d = f - -46. List the prime factors of d.
2, 3, 7
Let b = -454 + 459. Suppose 18*g + b*g = 8395. What are the prime factors of g?
5, 73
Let i = 14663 + -13802. What are the prime factors of i?
3, 7, 41
Let n = 4226 - -5209. List the prime factors of n.
3, 5, 17, 37
Suppose 2*s + 4*l = -38, 2*l - 29 + 3 = 2*s. Let d(w) = w**3 + 14*w**2 - 13*w + 14. Let h be d(s). What are the prime factors of (316/h + -1)/(1/(-8))?
2, 83
Suppose -3365 = -g - g + 895. What are the prime factors of g?
2, 3, 5, 71
Let w(h) = 17*h**3 + 5*h**2 + 5*h - 188. What are the prime factors of w(6)?
2, 1847
Let d = 2124 - 1402. Let p = d + -311. List the prime factors of p.
3, 137
Let u(f) = -6*f**3 + 197*f**2 + 35*f - 21. What are the prime factors of u(31)?
5, 13, 179
Let b(i) = i**2 - 2*i + 6. Let t be b(2). Suppose 2*w + 5*y = -t, -2*w = -0*y + 3*y + 6. What are the prime factors of (-1)/w - 3859/(-51)?
2, 19
Suppose -3*i + k - 24 + 31 = 0, -5*i + 3*k + 9 = 0. Suppose -4*a + i*s + 7277 = -2*s, -4*a - 2*s + 7298 = 0. What are the prime factors of a?
1823
What are the prime factors of 9*((-1961)/(-3) - 45/9)?
2, 3, 7, 139
Let n(c) = -2*c**3 - 111*c**2 + 524*c - 13. What are the prime factors of n(-62)?
17471
Let j be 4*4/8 - 0. Let h = -2 + j. Suppose h = q - 123 + 36. List the prime factors of q.
3, 29
Let n(a) = 2362*a - 3901. List the prime factors of n(17).
7, 5179
Let v = -822 - -2547. Suppose -3387 = -8*s + v. What are the prime factors of s?
3, 71
Let g = -1696 + 3685. What are the prime factors of g?
3, 13, 17
Suppose -c + 4 + 30 = p, 3*c + 2*p = 107. Let g = c + -33. Suppose -4*s + 175 = n, -g*n + 896 = -n - s. What are the prime factors of n?
179
Let y be (-6)/(-66) + 85467/33. Suppose 16*s - 9*s - y = 0. List the prime factors of s.
2, 5, 37
Let m(p) = -6*p + 65. Let c be m(-29). Let q = c - 144. List the prime factors of q.
5, 19
Let z = -1192 + 458. Let w = 1056 + z. List the prime factors of w.
2, 7, 23
List the prime factors of (5/2)/(40457/(-3678) + 1441/131).
3, 5, 613
Suppose 3*x + 12*h = 8*h + 974, 3*h + 316 = x. What are the prime factors of x?
2, 7, 23
Let w(u) = -25*u + 11. Suppose 15*p + 30 = -210. Let r be w(p). Let t = 617 - r. What are the prime factors of t?
2, 103
Let g(a) = 166*a - 6721. What are the prime factors of g(87)?
7, 1103
Suppose 0 = -4*m - 3*k + 88189, -5*m + k = -31857 - 78403. List the prime factors of m.
22051
Suppose 4*d - 9694 = 2*g, 2*d + 26653 - 2406 = -5*g. Let q = -3424 - g. What are the prime factors of q?
3, 5, 19
Suppose -141*t = -4*t + 75*t - 229596. What are the prime factors of t?
3, 19
Let c = -184 + 188. Suppose -2*y = -c*f + 2*f - 250, 5*y - f = 609. List the prime factors of y.
11
Suppose -3*r + 3*b = -r - 75, 5*r - 230 = -b. Let t = 2 - 8. List the prime factors of (288/r)/(t/(-15)).
2
Let j(u) be the first derivative of u**3/3 + 5*u**2/2 + u - 36. What are the prime factors of j(11)?
3, 59
Suppose -4*n = -4*j + 2*j - 86, -n - 5*j + 49 = 0. Suppose -574 = -n*r + 3266. List the prime factors of r.
2, 5
Suppose -50 = -10*j - 20. Suppose 2*f - 5426 = -j*f + 3*b, -f - b = -1082. List the prime factors of f.
2, 271
Suppose 281953 = 38*w - 310315. List the prime factors of w.
2, 7793
Suppose -5*s + 4131 = -3*p, -4115 = -3*s - 2*s - 5*p. Let t = s + -645. List the prime factors of t.
2, 3, 5
Let y(k) be the third derivative of k**6/120 - k**5/5 - 7*k**4/8 + 8*k**3/3 + 58*k**2. Suppose 34 = -5*u + 104. List the prime factors of y(u).
2, 3, 19
Suppose -64913 = -112*u + 1083692 - 281837. List the prime factors of u.
71, 109
Let s(b) = -74*b - 9. Let h = 124 - 126. List the prime factors of s(h).
139
Let g(l) = 49*l - 13. Let n be g(7). Let f = n + -163. Let s = -89 + f. What are the prime factors of s?
2, 3, 13
Let p = -51 + 56. Suppose 11*l - p*l = 24. List the prime factors of l.
2
Suppose -h - 57143 = -3*g, -2*g - 227*h + 38112 = -231*h. What are the prime factors of g?
2, 89, 107
Suppose 4*a = -2*d + 188, -5*d + 7*d + 155 = 3*a. Suppose 41*m - a*m = -600. What are the prime factors of m?
3, 5
Let j = -106 + 187. Let d = j - -285. List the prime factors of d.
2, 3, 61
Let a be ((-2)/4)/(11/(-66)). Let r be ((-3)/3)/(a/(-471)). Suppose 1781 = 8*f + r. List the prime factors of f.
7, 29
Suppose 150*f - 142*f = -6472. Let z = f + 1212. What are the prime factors of z?
13, 31
Let t = -123 + 126. Suppose t*d = -d + 1488. List the prime factors of d.
2, 3, 31
Suppose 4*g = -j + 542 - 179, -2*g = 4*j - 1410. Suppose 0 = -2*z + 5*z - j. What are the prime factors of z?
3, 13
What are the prime factors of (-132 - -30)*15/(-6)?
3, 5, 17
Let t = -10 + 10. Suppose t = -2*i + 6*i - 536. List the prime factors of i.
2, 67
Suppose 0 = -l - 3*p + 13674, -4*p + 54640 = 11*l - 7*l. List the prime factors of l.
3, 37, 41
Suppose 3*x + 70866 = 9*y, -3*y + 23595 = -13*x + 15*x. What are the prime factors of y?
17, 463
Suppose 15*h = 3131 + 1009. Let w(v) = v**3 - 8*v**2. Let m be w(8). Suppose m*p - h = -3*p. List the prime factors of p.
2, 23
Let s = -5522 + 14222. What are the prime factors of s?
2, 3, 5, 29
Let r(g) be the second derivative of -21*g**5/5 - g**4/2 - g**3/2 + g**2/2 - 92*g. What are the prime factors of r(-2)?
5, 131
Let k = -47 + 223. Let s = k + 194. What are the prime factors of s?
2, 5, 37
Let t be (241 - (3 + 3))*(-92)/(-4). Suppose -14*o - t = -19*o. What are the prime factors of o?
23, 47
Let f(x) = x**3 - 13*x**2 - 2*x + 1. Let n be f(13). Let p(t) = t**2 + 19*t + 54. List the prime factors of p(n).
2, 3, 17
Let t = 3 - 10. Let j be (-84)/t*(-3)/(-6). List the prime factors of (0 + (-21)/(-2))*4/j.
7
Let w(b) = -b**2 + 9*b - 18. Let i be w(4). Suppose -i*d + 211 = -1343. Suppose 2*h - d = -2*h - t, -4*t = -4*h + 772. List the prime factors of h.
2, 97
Suppose -7 = -7*h + 1155. List the prime factors of h.
2, 83
Suppose -b + 930 = -3*h, 4*b - 2325 = 5*h + 1395. Suppose 3*q - q = b. What are the prime factors of q?
3, 5, 31
Let v = 97 + -101. List the prime factors of (v*(-12)/(-9))/((-1)/78).
2, 13
Let s be (-21)/(-5)*80/12. Suppose -s*a - 656 = -6396. List the prime factors of a.
5, 41
List the prime factors of (10/4)/((-79)/(-114392)).
2, 5, 181
Suppose -10*h + 243014 - 35325 = -185131. What are the prime factors of h?
2, 3, 6547
Suppose 2*b = -0 + 14. Suppose 3*s - 7*s + 168 = 0. Suppose -9*g = -b*g - s. List the prime factors of g.
3, 7
What are the prime factors of -4 + -1 + (-3 - -15) - -63400?
163, 389
Let w be 2 + 1/((-3)/60) + -3. Let g(d) = d**2 + 14*d - 126. What are the prime factors of g(w)?
3, 7
Suppose y + 2*o = 644, -5*y + 3242 = -5*o + 4*o. Let s = -423 + y. List the prime factors of s.
3, 5
Let a(h) = h**3 + 29*h**2 + 102*h + 48. Let u be a(-25). List the prime factors of (-797)/(0 + u + 18/12).
2, 797
Suppose 3*p + f = -70, -5*f - 12 = 8. Let c(m) = 28*m + 193. Let u be c(-6). Let w = u +